47.
5647
What are the prime factors of 28718?
2, 83, 173
List the prime factors of 32615.
5, 11, 593
What are the prime factors of 3934?
2, 7, 281
What are the prime factors of 35153?
35153
List the prime factors of 101832.
2, 3, 4243
List the prime factors of 3473.
23, 151
What are the prime factors of 30417?
3, 10139
What are the prime factors of 152?
2, 19
What are the prime factors of 1636?
2, 409
List the prime factors of 77919.
3, 19, 1367
List the prime factors of 16565.
5, 3313
What are the prime factors of 542?
2, 271
List the prime factors of 47101.
19, 37, 67
What are the prime factors of 8480?
2, 5, 53
What are the prime factors of 709?
709
List the prime factors of 577.
577
List the prime factors of 7147.
7, 1021
List the prime factors of 4242.
2, 3, 7, 101
List the prime factors of 641.
641
List the prime factors of 36428.
2, 7, 1301
What are the prime factors of 12809?
12809
What are the prime factors of 3657?
3, 23, 53
List the prime factors of 1896.
2, 3, 79
List the prime factors of 9671.
19, 509
What are the prime factors of 74?
2, 37
What are the prime factors of 949?
13, 73
What are the prime factors of 1585?
5, 317
What are the prime factors of 105247?
17, 41, 151
What are the prime factors of 8093?
8093
List the prime factors of 282.
2, 3, 47
List the prime factors of 22359.
3, 29, 257
List the prime factors of 166937.
97, 1721
List the prime factors of 6482.
2, 7, 463
List the prime factors of 417.
3, 139
List the prime factors of 1126.
2, 563
List the prime factors of 1163.
1163
What are the prime factors of 7064?
2, 883
List the prime factors of 45971.
45971
What are the prime factors of 1903?
11, 173
What are the prime factors of 67936?
2, 11, 193
List the prime factors of 85439.
85439
List the prime factors of 5271.
3, 7, 251
List the prime factors of 149.
149
What are the prime factors of 8552?
2, 1069
List the prime factors of 565.
5, 113
What are the prime factors of 2431?
11, 13, 17
List the prime factors of 7947.
3, 883
What are the prime factors of 80522?
2, 13, 19, 163
List the prime factors of 808.
2, 101
What are the prime factors of 2654?
2, 1327
List the prime factors of 29830.
2, 5, 19, 157
What are the prime factors of 24315?
3, 5, 1621
What are the prime factors of 18384?
2, 3, 383
What are the prime factors of 702?
2, 3, 13
List the prime factors of 518.
2, 7, 37
What are the prime factors of 1253?
7, 179
List the prime factors of 82.
2, 41
What are the prime factors of 5017?
29, 173
What are the prime factors of 17064?
2, 3, 79
What are the prime factors of 66687?
3, 22229
List the prime factors of 3002.
2, 19, 79
What are the prime factors of 318?
2, 3, 53
List the prime factors of 1289.
1289
What are the prime factors of 98984?
2, 12373
List the prime factors of 655.
5, 131
List the prime factors of 14222.
2, 13, 547
List the prime factors of 35414.
2, 17707
What are the prime factors of 1052?
2, 263
What are the prime factors of 9035?
5, 13, 139
List the prime factors of 28786.
2, 37, 389
What are the prime factors of 1813?
7, 37
List the prime factors of 1085.
5, 7, 31
List the prime factors of 25905.
3, 5, 11, 157
List the prime factors of 289.
17
What are the prime factors of 139491?
3, 11, 1409
What are the prime factors of 3291?
3, 1097
What are the prime factors of 31542?
2, 3, 7, 751
What are the prime factors of 3450?
2, 3, 5, 23
What are the prime factors of 102477?
3, 34159
What are the prime factors of 7981?
23, 347
What are the prime factors of 362?
2, 181
List the prime factors of 26432.
2, 7, 59
List the prime factors of 1598.
2, 17, 47
List the prime factors of 1955.
5, 17, 23
List the prime factors of 2032.
2, 127
What are the prime factors of 29806?
2, 7, 2129
List the prime factors of 3858.
2, 3, 643
What are the prime factors of 7858?
2, 3929
What are the prime factors of 5225?
5, 11, 19
What are the prime factors of 1586?
2, 13, 61
List the prime factors of 3470.
2, 5, 347
List the prime factors of 433.
433
What are the prime factors of 930?
2, 3, 5, 31
What are the prime factors of 4615?
5, 13, 71
List the prime factors of 6906.
2, 3, 1151
What are the prime factors of 4917?
3, 11, 149
What are the prime factors of 1920?
2, 3, 5
List the prime factors of 60.
2, 3, 5
List the prime factors of 21141.
3, 29
List the prime factors of 10685.
5, 2137
What are the prime factors of 3248?
2, 7, 29
List the prime factors of 137965.
5, 41, 673
What are the prime factors of 227?
227
List the prime factors of 137982.
2, 3, 13, 29, 61
What are the prime factors of 2968?
2, 7, 53
What are the prime factors of 2174?
2, 1087
What are the prime factors of 51905?
5, 7, 1483
What are the prime factors of 327?
3, 109
List the prime factors of 57.
3, 19
List the prime factors of 20937.
3, 7, 997
List the prime factors of 775.
5, 31
List the prime factors of 2131.
2131
What are the prime factors of 28787?
11, 2617
List the prime factors of 905.
5, 181
List the prime factors of 413.
7, 59
What are the prime factors of 112372?
2, 13, 2161
List the prime factors of 46030.
2, 5, 4603
List the prime factors of 1562.
2, 11, 71
List the prime factors of 15941.
19, 839
What are the prime factors of 6413?
11, 53
List the prime factors of 3777.
3, 1259
List the prime factors of 12614.
2, 7, 17, 53
List the prime factors of 99.
3, 11
What are the prime factors of 1763?
41, 43
What are the prime factors of 6701?
6701
What are the prime factors of 3149?
47, 67
What are the prime factors of 16009?
7, 2287
List the prime factors of 13428.
2, 3, 373
What are the prime factors of 22573?
22573
List the prime factors of 16801.
53, 317
What are the prime factors of 3373?
3373
List the prime factors of 7572.
2, 3, 631
What are the prime factors of 127080?
2, 3, 5, 353
List the prime factors of 113636.
2, 28409
What are the prime factors of 8508?
2, 3, 709
What are the prime factors of 11490?
2, 3, 5, 383
What are the prime factors of 7045?
5, 1409
What are the prime factors of 20781?
3, 2309
What are the prime factors of 1146?
2, 3, 191
What are the prime factors of 13982?
2, 6991
List the prime factors of 1152.
2, 3
What are the prime factors of 1603?
7, 229
List the prime factors of 563.
563
What are the prime factors of 9982?
2, 7, 23, 31
List the prime factors of 829.
829
List the prime factors of 362.
2, 181
List the prime factors of 24851.
24851
List the prime factors of 2898.
2, 3, 7, 23
List the prime factors of 86908.
2, 21727
What are the prime factors of 384?
2, 3
List the prime factors of 10111.
10111
List the prime factors of 895.
5, 179
What are the prime factors of 3399?
3, 11, 103
What are the prime factors of 993?
3, 331
List the prime factors of 122267.
122267
What are the prime factors of 41356?
2, 7, 211
What are the prime factors of 23160?
2, 3, 5, 193
What are the prime factors of 2808?
2, 3, 13
What are the prime factors of 9871?
9871
What are the prime factors of 1344?
2, 3, 7
What are the prime factors of 691?
691
What are the prime factors of 598?
2, 13, 23
List the prime factors of 30830.
2, 5, 3083
List the prime factors of 540.
2, 3, 5
List the prime factors of 5370.
2, 3, 5, 179
What are the prime factors of 41150?
2, 5, 823
List the prime factors of 28316.
2, 7079
What are the prime factors of 1768?
2, 13, 17
List the prime factors of 1706.
2, 853
What are the prime factors of 34657?
7, 4951
What are the prime factors of 17737?
17737
What are the prime factors of 3837?
3, 1279
List the prime factors of 4114.
2, 11, 17
List the prime factors of 10336.
2, 17, 19
What are the prime factors of 189?
3, 7
List the prime factors of 1179.
3, 131
What are the prime factors of 28500?
2, 3, 5, 19
What are the prime factors of 1792?
2, 7
List the prime factors of 2120.
2, 5, 53
What are the prime factors of 1889?
1889
List the prime factors of 1471.
1471
List the prime factors of 959.
7, 137
List the prime factors of 3714.
2, 3, 619
List the prime factors of 16905.
3, 5, 7, 23
List the prime factors of 156.
2, 3, 13
List the prime factors of 44335.
5, 8867
List the prime factors of 7879.
7879
List the prime factors of 14264.
2, 1783
What are the prime factors of 47158?
2, 17, 19, 73
List the prime factors of 9106.
2, 29, 157
List the prime factors of 9771.
3, 3257
List the prime factors of 145105